[INFO] fetching crate aiochatgpt 0.1.1...
[INFO] checking aiochatgpt-0.1.1 against master#e6e4f7ed1589e03bc2f6c5931c1a72e7947e8682 for beta-170-4
[INFO] extracting crate aiochatgpt 0.1.1 into /workspace/builds/worker-3-tc2/source
[INFO] validating manifest of crates.io crate aiochatgpt 0.1.1 on toolchain e6e4f7ed1589e03bc2f6c5931c1a72e7947e8682
[INFO] running `Command { std: CARGO_HOME="/workspace/cargo-home" RUSTUP_HOME="/workspace/rustup-home" "/workspace/cargo-home/bin/cargo" "+e6e4f7ed1589e03bc2f6c5931c1a72e7947e8682" "metadata" "--manifest-path" "Cargo.toml" "--no-deps", kill_on_drop: false }`
[INFO] started tweaking crates.io crate aiochatgpt 0.1.1
[INFO] finished tweaking crates.io crate aiochatgpt 0.1.1
[INFO] tweaked toml for crates.io crate aiochatgpt 0.1.1 written to /workspace/builds/worker-3-tc2/source/Cargo.toml
[INFO] crate crates.io crate aiochatgpt 0.1.1 already has a lockfile, it will not be regenerated
[INFO] running `Command { std: CARGO_HOME="/workspace/cargo-home" RUSTUP_HOME="/workspace/rustup-home" "/workspace/cargo-home/bin/cargo" "+e6e4f7ed1589e03bc2f6c5931c1a72e7947e8682" "fetch" "--manifest-path" "Cargo.toml", kill_on_drop: false }`
[INFO] running `Command { std: "docker" "create" "-v" "/var/lib/crater-agent-workspace/builds/worker-3-tc2/target:/opt/rustwide/target:rw,Z" "-v" "/var/lib/crater-agent-workspace/builds/worker-3-tc2/source:/opt/rustwide/workdir:ro,Z" "-v" "/var/lib/crater-agent-workspace/cargo-home:/opt/rustwide/cargo-home:ro,Z" "-v" "/var/lib/crater-agent-workspace/rustup-home:/opt/rustwide/rustup-home:ro,Z" "-e" "SOURCE_DIR=/opt/rustwide/workdir" "-e" "CARGO_TARGET_DIR=/opt/rustwide/target" "-e" "CARGO_HOME=/opt/rustwide/cargo-home" "-e" "RUSTUP_HOME=/opt/rustwide/rustup-home" "-w" "/opt/rustwide/workdir" "-m" "1610612736" "--user" "0:0" "--network" "none" "ghcr.io/rust-lang/crates-build-env/linux@sha256:19e73879b68f455e41552ea35293514db52ea292d993f571636dbffedb77a1ee" "/opt/rustwide/cargo-home/bin/cargo" "+e6e4f7ed1589e03bc2f6c5931c1a72e7947e8682" "metadata" "--no-deps" "--format-version=1", kill_on_drop: false }`
[INFO] [stdout] 50e0ecd24c046c81f611ddf3d46af1215d0d28e03e5cb8c44648c5835feb450b
[INFO] running `Command { std: "docker" "start" "-a" "50e0ecd24c046c81f611ddf3d46af1215d0d28e03e5cb8c44648c5835feb450b", kill_on_drop: false }`
[INFO] running `Command { std: "docker" "inspect" "50e0ecd24c046c81f611ddf3d46af1215d0d28e03e5cb8c44648c5835feb450b", kill_on_drop: false }`
[INFO] running `Command { std: "docker" "rm" "-f" "50e0ecd24c046c81f611ddf3d46af1215d0d28e03e5cb8c44648c5835feb450b", kill_on_drop: false }`
[INFO] [stdout] 50e0ecd24c046c81f611ddf3d46af1215d0d28e03e5cb8c44648c5835feb450b
[INFO] running `Command { std: "docker" "create" "-v" "/var/lib/crater-agent-workspace/builds/worker-3-tc2/target:/opt/rustwide/target:rw,Z" "-v" "/var/lib/crater-agent-workspace/builds/worker-3-tc2/source:/opt/rustwide/workdir:ro,Z" "-v" "/var/lib/crater-agent-workspace/cargo-home:/opt/rustwide/cargo-home:ro,Z" "-v" "/var/lib/crater-agent-workspace/rustup-home:/opt/rustwide/rustup-home:ro,Z" "-e" "SOURCE_DIR=/opt/rustwide/workdir" "-e" "CARGO_TARGET_DIR=/opt/rustwide/target" "-e" "CARGO_INCREMENTAL=0" "-e" "RUST_BACKTRACE=full" "-e" "RUSTFLAGS=--cap-lints=forbid" "-e" "RUSTDOCFLAGS=--cap-lints=forbid" "-e" "CARGO_HOME=/opt/rustwide/cargo-home" "-e" "RUSTUP_HOME=/opt/rustwide/rustup-home" "-w" "/opt/rustwide/workdir" "-m" "1610612736" "--user" "0:0" "--network" "none" "ghcr.io/rust-lang/crates-build-env/linux@sha256:19e73879b68f455e41552ea35293514db52ea292d993f571636dbffedb77a1ee" "/opt/rustwide/cargo-home/bin/cargo" "+e6e4f7ed1589e03bc2f6c5931c1a72e7947e8682" "check" "--frozen" "--all" "--all-targets" "--message-format=json", kill_on_drop: false }`
[INFO] [stdout] cf429443c57212b72796b808ed33ef197fb877b592effd06bdfd810a73b76778
[INFO] running `Command { std: "docker" "start" "-a" "cf429443c57212b72796b808ed33ef197fb877b592effd06bdfd810a73b76778", kill_on_drop: false }`
[INFO] [stderr]    Compiling libc v0.2.142
[INFO] [stderr]    Compiling proc-macro2 v1.0.56
[INFO] [stderr]    Compiling quote v1.0.26
[INFO] [stderr]    Compiling pkg-config v0.3.26
[INFO] [stderr]    Compiling typenum v1.16.0
[INFO] [stderr]    Compiling log v0.4.17
[INFO] [stderr]    Compiling generic-array v0.14.7
[INFO] [stderr]    Compiling lock_api v0.4.9
[INFO] [stderr]    Compiling parking_lot_core v0.9.7
[INFO] [stderr]     Checking smallvec v1.10.0
[INFO] [stderr]    Compiling tokio v1.28.0
[INFO] [stderr]    Compiling serde_derive v1.0.160
[INFO] [stderr]    Compiling crossbeam-utils v0.8.15
[INFO] [stderr]     Checking futures-io v0.3.28
[INFO] [stderr]    Compiling rustix v0.37.18
[INFO] [stderr]    Compiling syn v1.0.109
[INFO] [stderr]    Compiling serde v1.0.160
[INFO] [stderr]     Checking subtle v2.4.1
[INFO] [stderr]     Checking tracing-core v0.1.30
[INFO] [stderr]    Compiling memoffset v0.8.0
[INFO] [stderr]     Checking linux-raw-sys v0.3.6
[INFO] [stderr]    Compiling crossbeam-epoch v0.9.14
[INFO] [stderr]    Compiling strsim v0.10.0
[INFO] [stderr]     Checking cpufeatures v0.2.7
[INFO] [stderr]    Compiling fnv v1.0.7
[INFO] [stderr]    Compiling ident_case v1.0.1
[INFO] [stderr]    Compiling zstd-safe v5.0.2+zstd.1.5.2
[INFO] [stderr]    Compiling crc32fast v1.3.2
[INFO] [stderr]     Checking want v0.3.0
[INFO] [stderr]     Checking regex-syntax v0.7.1
[INFO] [stderr]     Checking unicode-width v0.1.10
[INFO] [stderr]     Checking base64ct v1.6.0
[INFO] [stderr]     Checking either v1.8.1
[INFO] [stderr]     Checking tracing v0.1.37
[INFO] [stderr]    Compiling rayon-core v1.11.0
[INFO] [stderr]     Checking utf8parse v0.2.1
[INFO] [stderr]     Checking crossbeam-channel v0.5.8
[INFO] [stderr]     Checking miniz_oxide v0.7.1
[INFO] [stderr]     Checking anstyle-parse v0.2.0
[INFO] [stderr]     Checking opaque-debug v0.3.0
[INFO] [stderr]     Checking time-core v0.1.0
[INFO] [stderr]     Checking anstyle-query v1.0.0
[INFO] [stderr]     Checking anstyle v1.0.0
[INFO] [stderr]     Checking colorchoice v1.0.0
[INFO] [stderr]     Checking time v0.3.20
[INFO] [stderr]     Checking url v2.3.1
[INFO] [stderr]     Checking base64 v0.21.0
[INFO] [stderr]     Checking number_prefix v0.4.0
[INFO] [stderr]    Compiling heck v0.4.1
[INFO] [stderr]    Compiling syn v2.0.15
[INFO] [stderr]     Checking constant_time_eq v0.1.5
[INFO] [stderr]     Checking clap_lex v0.4.1
[INFO] [stderr]     Checking crossbeam-deque v0.8.3
[INFO] [stderr]     Checking nom v7.1.3
[INFO] [stderr]     Checking flate2 v1.0.26
[INFO] [stderr]     Checking itertools v0.8.2
[INFO] [stderr]     Checking number_prefix v0.3.0
[INFO] [stderr]     Checking glob v0.3.1
[INFO] [stderr]     Checking unicode-segmentation v1.10.1
[INFO] [stderr]    Compiling macro_rules_attribute-proc_macro v0.1.3
[INFO] [stderr]     Checking itertools v0.9.0
[INFO] [stderr]     Checking unicode-normalization-alignments v0.1.12
[INFO] [stderr]     Checking aho-corasick v0.7.20
[INFO] [stderr]     Checking unicode_categories v0.1.1
[INFO] [stderr]     Checking regex-syntax v0.6.29
[INFO] [stderr]     Checking num_cpus v1.15.0
[INFO] [stderr]     Checking signal-hook-registry v1.4.1
[INFO] [stderr]     Checking socket2 v0.4.9
[INFO] [stderr]    Compiling jobserver v0.1.26
[INFO] [stderr]     Checking mio v0.8.6
[INFO] [stderr]     Checking io-lifetimes v1.0.10
[INFO] [stderr]     Checking getrandom v0.2.9
[INFO] [stderr]     Checking console v0.15.5
[INFO] [stderr]     Checking crypto-common v0.1.6
[INFO] [stderr]     Checking block-buffer v0.10.4
[INFO] [stderr]     Checking cipher v0.3.0
[INFO] [stderr]     Checking parking_lot v0.12.1
[INFO] [stderr]     Checking filetime v0.2.21
[INFO] [stderr]    Compiling cc v1.0.79
[INFO] [stderr]     Checking digest v0.10.6
[INFO] [stderr]     Checking rand_core v0.6.4
[INFO] [stderr]     Checking aes v0.7.5
[INFO] [stderr]     Checking xattr v0.2.3
[INFO] [stderr]     Checking dirs-sys v0.3.7
[INFO] [stderr]     Checking fs2 v0.4.3
[INFO] [stderr]     Checking password-hash v0.4.2
[INFO] [stderr]     Checking sha2 v0.10.6
[INFO] [stderr]     Checking hmac v0.12.1
[INFO] [stderr]     Checking sha1 v0.10.5
[INFO] [stderr]     Checking rand_chacha v0.3.1
[INFO] [stderr]     Checking tar v0.4.38
[INFO] [stderr]     Checking dirs v4.0.0
[INFO] [stderr]     Checking macro_rules_attribute v0.1.3
[INFO] [stderr]     Checking regex v1.8.1
[INFO] [stderr]     Checking rayon v1.7.0
[INFO] [stderr]     Checking rand v0.8.5
[INFO] [stderr]     Checking pbkdf2 v0.11.0
[INFO] [stderr]    Compiling openssl-sys v0.9.87
[INFO] [stderr]    Compiling zstd-sys v2.0.8+zstd.1.5.5
[INFO] [stderr]    Compiling bzip2-sys v0.1.11+1.0.8
[INFO] [stderr]    Compiling onig_sys v69.8.1
[INFO] [stderr]    Compiling esaxx-rs v0.1.8
[INFO] [stderr]     Checking indicatif v0.16.2
[INFO] [stderr]     Checking indicatif v0.15.0
[INFO] [stderr]    Compiling openssl v0.10.52
[INFO] [stderr]    Compiling native-tls v0.2.11
[INFO] [stderr]     Checking bzip2 v0.4.4
[INFO] [stderr]     Checking is-terminal v0.4.7
[INFO] [stderr]     Checking anstream v0.3.1
[INFO] [stderr]     Checking tempfile v3.5.0
[INFO] [stderr]     Checking clap_builder v4.2.5
[INFO] [stderr]    Compiling tokio-macros v2.1.0
[INFO] [stderr]    Compiling futures-macro v0.3.28
[INFO] [stderr]    Compiling openssl-macros v0.1.1
[INFO] [stderr]    Compiling thiserror-impl v1.0.40
[INFO] [stderr]    Compiling clap_derive v4.2.0
[INFO] [stderr]    Compiling monostate-impl v0.1.6
[INFO] [stderr]     Checking rayon-cond v0.1.0
[INFO] [stderr]     Checking onig v6.4.0
[INFO] [stderr]    Compiling darling_core v0.14.4
[INFO] [stderr]     Checking thiserror v1.0.40
[INFO] [stderr]     Checking futures-util v0.3.28
[INFO] [stderr]     Checking clap v4.2.5
[INFO] [stderr]    Compiling darling_macro v0.14.4
[INFO] [stderr]    Compiling darling v0.14.4
[INFO] [stderr]    Compiling derive_builder_core v0.12.0
[INFO] [stderr]     Checking zstd v0.11.2+zstd.1.5.2
[INFO] [stderr]     Checking zip v0.6.4
[INFO] [stderr]    Compiling derive_builder_macro v0.12.0
[INFO] [stderr]     Checking futures-executor v0.3.28
[INFO] [stderr]     Checking futures v0.3.28
[INFO] [stderr]     Checking derive_builder v0.12.0
[INFO] [stderr]     Checking tokio-util v0.7.8
[INFO] [stderr]     Checking tokio-native-tls v0.3.1
[INFO] [stderr]     Checking h2 v0.3.18
[INFO] [stderr]     Checking serde_json v1.0.96
[INFO] [stderr]     Checking serde_urlencoded v0.7.1
[INFO] [stderr]     Checking monostate v0.1.6
[INFO] [stderr]     Checking spm_precompiled v0.1.4
[INFO] [stderr]     Checking hyper v0.14.26
[INFO] [stderr]     Checking hyper-tls v0.5.0
[INFO] [stderr]     Checking reqwest v0.11.17
[INFO] [stderr]     Checking cached-path v0.6.1
[INFO] [stderr]     Checking tokenizers v0.13.3
[INFO] [stderr]     Checking aiochatgpt v0.1.1 (/opt/rustwide/workdir)
[INFO] [stdout] warning: unused import: `std::env`
[INFO] [stdout]  --> src/client.rs:1:5
[INFO] [stdout]   |
[INFO] [stdout] 1 | use std::env;
[INFO] [stdout]   |     ^^^^^^^^
[INFO] [stdout]   |
[INFO] [stdout]   = note: `#[warn(unused_imports)]` on by default
[INFO] [stdout] 
[INFO] [stdout] 
[INFO] [stdout] warning: unused import: `std::iter::Map`
[INFO] [stdout]  --> src/client.rs:2:5
[INFO] [stdout]   |
[INFO] [stdout] 2 | use std::iter::Map;
[INFO] [stdout]   |     ^^^^^^^^^^^^^^
[INFO] [stdout] 
[INFO] [stdout] 
[INFO] [stdout] warning: unused import: `std::error::Error`
[INFO] [stdout]  --> src/client.rs:7:5
[INFO] [stdout]   |
[INFO] [stdout] 7 | use std::error::Error;
[INFO] [stdout]   |     ^^^^^^^^^^^^^^^^^
[INFO] [stdout] 
[INFO] [stdout] 
[INFO] [stdout] warning: unused import: `std::env`
[INFO] [stdout]  --> src/client.rs:1:5
[INFO] [stdout]   |
[INFO] [stdout] 1 | use std::env;
[INFO] [stdout]   |     ^^^^^^^^
[INFO] [stdout]   |
[INFO] [stdout]   = note: `#[warn(unused_imports)]` on by default
[INFO] [stdout] 
[INFO] [stdout] 
[INFO] [stdout] warning: unused import: `std::iter::Map`
[INFO] [stdout]  --> src/client.rs:2:5
[INFO] [stdout]   |
[INFO] [stdout] 2 | use std::iter::Map;
[INFO] [stdout]   |     ^^^^^^^^^^^^^^
[INFO] [stdout] 
[INFO] [stdout] 
[INFO] [stdout] warning: unused import: `std::error::Error`
[INFO] [stdout]  --> src/client.rs:7:5
[INFO] [stdout]   |
[INFO] [stdout] 7 | use std::error::Error;
[INFO] [stdout]   |     ^^^^^^^^^^^^^^^^^
[INFO] [stdout] 
[INFO] [stdout] 
[INFO] [stdout] warning: variable does not need to be mutable
[INFO] [stdout]   --> src/chunk.rs:55:17
[INFO] [stdout]    |
[INFO] [stdout] 55 |             let mut chunk = &chunk[CHUNK_START..];
[INFO] [stdout]    |                 ----^^^^^
[INFO] [stdout]    |                 |
[INFO] [stdout]    |                 help: remove this `mut`
[INFO] [stdout]    |
[INFO] [stdout]    = note: `#[warn(unused_mut)]` on by default
[INFO] [stdout] 
[INFO] [stdout] 
[INFO] [stdout] warning: variable does not need to be mutable
[INFO] [stdout]   --> src/chunk.rs:55:17
[INFO] [stdout]    |
[INFO] [stdout] 55 |             let mut chunk = &chunk[CHUNK_START..];
[INFO] [stdout]    |                 ----^^^^^
[INFO] [stdout]    |                 |
[INFO] [stdout]    |                 help: remove this `mut`
[INFO] [stdout]    |
[INFO] [stdout]    = note: `#[warn(unused_mut)]` on by default
[INFO] [stdout] 
[INFO] [stdout] 
[INFO] [stdout] warning: fields `id`, `object`, `created`, and `model` are never read
[INFO] [stdout]   --> src/chunk.rs:14:5
[INFO] [stdout]    |
[INFO] [stdout] 13 | pub struct ChatCompletionChunk {
[INFO] [stdout]    |            ------------------- fields in this struct
[INFO] [stdout] 14 |     id: String,
[INFO] [stdout]    |     ^^
[INFO] [stdout] 15 |     object: String,
[INFO] [stdout]    |     ^^^^^^
[INFO] [stdout] 16 |     created: i64,
[INFO] [stdout]    |     ^^^^^^^
[INFO] [stdout] 17 |     model: String,
[INFO] [stdout]    |     ^^^^^
[INFO] [stdout]    |
[INFO] [stdout]    = note: `ChatCompletionChunk` has a derived impl for the trait `Debug`, but this is intentionally ignored during dead code analysis
[INFO] [stdout]    = note: `#[warn(dead_code)]` on by default
[INFO] [stdout] 
[INFO] [stdout] 
[INFO] [stdout] warning: fields `index` and `finish_reason` are never read
[INFO] [stdout]   --> src/chunk.rs:25:5
[INFO] [stdout]    |
[INFO] [stdout] 23 | struct CompletionChoice {
[INFO] [stdout]    |        ---------------- fields in this struct
[INFO] [stdout] 24 |     delta: Delta,
[INFO] [stdout] 25 |     index: i64,
[INFO] [stdout]    |     ^^^^^
[INFO] [stdout] 26 |     finish_reason: Option<String>,
[INFO] [stdout]    |     ^^^^^^^^^^^^^
[INFO] [stdout]    |
[INFO] [stdout]    = note: `CompletionChoice` has a derived impl for the trait `Debug`, but this is intentionally ignored during dead code analysis
[INFO] [stdout] 
[INFO] [stdout] 
[INFO] [stdout] warning: fields `id`, `object`, `created`, and `model` are never read
[INFO] [stdout]   --> src/chunk.rs:14:5
[INFO] [stdout]    |
[INFO] [stdout] 13 | pub struct ChatCompletionChunk {
[INFO] [stdout]    |            ------------------- fields in this struct
[INFO] [stdout] 14 |     id: String,
[INFO] [stdout]    |     ^^
[INFO] [stdout] 15 |     object: String,
[INFO] [stdout]    |     ^^^^^^
[INFO] [stdout] 16 |     created: i64,
[INFO] [stdout]    |     ^^^^^^^
[INFO] [stdout] 17 |     model: String,
[INFO] [stdout]    |     ^^^^^
[INFO] [stdout]    |
[INFO] [stdout]    = note: `ChatCompletionChunk` has a derived impl for the trait `Debug`, but this is intentionally ignored during dead code analysis
[INFO] [stdout]    = note: `#[warn(dead_code)]` on by default
[INFO] [stdout] 
[INFO] [stdout] 
[INFO] [stdout] warning: fields `index` and `finish_reason` are never read
[INFO] [stdout]   --> src/chunk.rs:25:5
[INFO] [stdout]    |
[INFO] [stdout] 23 | struct CompletionChoice {
[INFO] [stdout]    |        ---------------- fields in this struct
[INFO] [stdout] 24 |     delta: Delta,
[INFO] [stdout] 25 |     index: i64,
[INFO] [stdout]    |     ^^^^^
[INFO] [stdout] 26 |     finish_reason: Option<String>,
[INFO] [stdout]    |     ^^^^^^^^^^^^^
[INFO] [stdout]    |
[INFO] [stdout]    = note: `CompletionChoice` has a derived impl for the trait `Debug`, but this is intentionally ignored during dead code analysis
[INFO] [stdout] 
[INFO] [stdout] 
[INFO] [stdout] warning: 6 warnings emitted
[INFO] [stdout] 
[INFO] [stdout] 
[INFO] [stdout] warning: 6 warnings emitted
[INFO] [stdout] 
[INFO] [stdout] 
[INFO] [stdout] error[E0432]: unresolved import `chatgpt`
[INFO] [stdout]  --> examples/stream.rs:4:5
[INFO] [stdout]   |
[INFO] [stdout] 4 | use chatgpt::OpenAIRequest;
[INFO] [stdout]   |     ^^^^^^^ use of undeclared crate or module `chatgpt`
[INFO] [stdout] 
[INFO] [stdout] 
[INFO] [stdout] error[E0433]: failed to resolve: use of undeclared crate or module `chatgpt`
[INFO] [stdout]   --> examples/stream.rs:13:18
[INFO] [stdout]    |
[INFO] [stdout] 13 |     let client = chatgpt::OpenAIClient::new(OPENAI_API_KEY);
[INFO] [stdout]    |                  ^^^^^^^ use of undeclared crate or module `chatgpt`
[INFO] [stdout]    |
[INFO] [stdout] help: consider importing this struct
[INFO] [stdout]    |
[INFO] [stdout] 1  + use aiochatgpt::OpenAIClient;
[INFO] [stdout]    |
[INFO] [stdout] help: if you import `OpenAIClient`, refer to it directly
[INFO] [stdout]    |
[INFO] [stdout] 13 -     let client = chatgpt::OpenAIClient::new(OPENAI_API_KEY);
[INFO] [stdout] 13 +     let client = OpenAIClient::new(OPENAI_API_KEY);
[INFO] [stdout]    |
[INFO] [stdout] 
[INFO] [stdout] 
[INFO] [stdout] warning: unused import: `StreamExt`
[INFO] [stdout]  --> examples/stream.rs:2:15
[INFO] [stdout]   |
[INFO] [stdout] 2 | use futures::{StreamExt, TryStreamExt};
[INFO] [stdout]   |               ^^^^^^^^^
[INFO] [stdout]   |
[INFO] [stdout]   = note: `#[warn(unused_imports)]` on by default
[INFO] [stdout] 
[INFO] [stdout] 
[INFO] [stdout] error[E0277]: the size for values of type `str` cannot be known at compilation time
[INFO] [stdout]   --> examples/stream.rs:22:25
[INFO] [stdout]    |
[INFO] [stdout] 22 |             if let Some(content) = chunk.get_content() {
[INFO] [stdout]    |                         ^^^^^^^ doesn't have a size known at compile-time
[INFO] [stdout]    |
[INFO] [stdout]    = help: the trait `Sized` is not implemented for `str`
[INFO] [stdout]    = note: all local variables must have a statically known size
[INFO] [stdout]    = help: unsized locals are gated as an unstable feature
[INFO] [stdout] 
[INFO] [stdout] 
[INFO] [stdout] error[E0277]: the size for values of type `str` cannot be known at compilation time
[INFO] [stdout]   --> examples/stream.rs:22:20
[INFO] [stdout]    |
[INFO] [stdout] 22 |             if let Some(content) = chunk.get_content() {
[INFO] [stdout]    |                    ^^^^^^^^^^^^^ doesn't have a size known at compile-time
[INFO] [stdout]    |
[INFO] [stdout]    = help: the trait `Sized` is not implemented for `str`
[INFO] [stdout] note: required by a bound in `Some`
[INFO] [stdout]   --> /rustc/e6e4f7ed1589e03bc2f6c5931c1a72e7947e8682/library/core/src/option.rs:571:5
[INFO] [stdout] 
[INFO] [stdout] 
[INFO] [stdout] warning: unused import: `TryStreamExt`
[INFO] [stdout]  --> examples/stream.rs:2:26
[INFO] [stdout]   |
[INFO] [stdout] 2 | use futures::{StreamExt, TryStreamExt};
[INFO] [stdout]   |                          ^^^^^^^^^^^^
[INFO] [stdout] 
[INFO] [stdout] 
[INFO] [stdout] error: aborting due to 4 previous errors; 2 warnings emitted
[INFO] [stdout] 
[INFO] [stdout] 
[INFO] [stdout] Some errors have detailed explanations: E0277, E0432, E0433.
[INFO] [stdout] 
[INFO] [stdout] For more information about an error, try `rustc --explain E0277`.
[INFO] [stdout] 
[INFO] [stderr] error: could not compile `aiochatgpt` (example "stream") due to 5 previous errors; 2 warnings emitted
[INFO] running `Command { std: "docker" "inspect" "cf429443c57212b72796b808ed33ef197fb877b592effd06bdfd810a73b76778", kill_on_drop: false }`
[INFO] running `Command { std: "docker" "rm" "-f" "cf429443c57212b72796b808ed33ef197fb877b592effd06bdfd810a73b76778", kill_on_drop: false }`
[INFO] [stdout] cf429443c57212b72796b808ed33ef197fb877b592effd06bdfd810a73b76778
